or of 83 and 2219033.
1
What is the highest common divisor of 582519288 and 4524?
4524
What is the greatest common divisor of 389865 and 2006900?
1645
Calculate the highest common factor of 10 and 193971130.
10
Calculate the greatest common divisor of 64296 and 20022.
282
Calculate the greatest common factor of 299782 and 2204608.
1862
Calculate the greatest common divisor of 78010 and 413421796.
15602
What is the greatest common divisor of 311902344 and 216?
72
Calculate the highest common divisor of 871 and 1483326.
13
Calculate the highest common divisor of 72146956 and 26332.
908
Calculate the highest common factor of 34518172 and 58643.
4511
What is the highest common factor of 24640848 and 2592?
1296
Calculate the highest common divisor of 147162372 and 2954.
2954
Calculate the greatest common factor of 1502 and 12492134.
1502
What is the greatest common factor of 37664037 and 36?
9
What is the highest common divisor of 51901 and 29713?
43
What is the greatest common divisor of 36 and 24227424?
36
What is the highest common divisor of 592779572 and 7062?
2354
What is the highest common factor of 280956 and 76596?
156
What is the highest common factor of 320 and 18235248?
16
Calculate the highest common divisor of 6695938 and 13206.
62
What is the greatest common divisor of 3976 and 2128651?
497
What is the greatest common divisor of 51813834 and 744?
186
Calculate the highest common factor of 684409392 and 2296.
328
What is the greatest common divisor of 252936 and 58536?
216
What is the highest common divisor of 1832126 and 14063?
41
What is the highest common divisor of 3568884 and 33858?
1254
Calculate the greatest common factor of 2898 and 83514.
6
What is the highest common divisor of 13653623 and 679?
97
Calculate the highest common divisor of 10430361 and 23157.
747
What is the greatest common factor of 18501228 and 36?
36
What is the highest common divisor of 37203 and 5088?
3
What is the greatest common factor of 16093194 and 8112?
1014
What is the highest common divisor of 54 and 143578197?
27
Calculate the highest common factor of 156375 and 2651625.
1125
Calculate the highest common factor of 945 and 519875.
5
Calculate the greatest common factor of 36 and 4455588.
12
What is the highest common factor of 2883 and 452291767?
961
Calculate the highest common factor of 224130786 and 198.
66
What is the greatest common factor of 72704576 and 32?
32
Calculate the highest common factor of 5217726 and 26225.
1049
Calculate the highest common factor of 199749082 and 4862.
442
Calculate the greatest common factor of 6 and 6442734.
6
What is the highest common factor of 91830128 and 104?
104
What is the highest common divisor of 1776 and 196104?
24
Calculate the greatest common factor of 70477 and 3164909.
1639
What is the greatest common factor of 689476 and 970?
194
What is the greatest common factor of 1256 and 99296?
8
What is the greatest common divisor of 306342 and 1099818?
5022
Calculate the highest common factor of 4314725 and 1.
1
What is the highest common factor of 85047285 and 435?
435
Calculate the highest common divisor of 702 and 22102821.
351
What is the highest common divisor of 1891694 and 2842?
98
Calculate the greatest common factor of 21879869 and 68123.
6193
Calculate the greatest common divisor of 70 and 36458835.
35
Calculate the highest common divisor of 76243 and 1699.
1
Calculate the greatest common divisor of 206266896 and 1284.
1284
Calculate the greatest common factor of 635 and 8569579.
127
What is the highest common factor of 224758 and 362912?
2062
What is the greatest common factor of 411290 and 8030?
110
Calculate the greatest common divisor of 10517 and 149279.
13
What is the highest common factor of 117943 and 8666777?
4067
What is the highest common divisor of 24963762 and 732?
366
Calculate the greatest common factor of 49590 and 147726.
522
What is the greatest common factor of 52002 and 37801602?
1926
Calculate the greatest common factor of 54 and 74915928.
54
Calculate the highest common divisor of 16 and 253883472.
16
Calculate the greatest common divisor of 306 and 6507090.
306
Calculate the greatest common divisor of 8 and 129380904.
8
What is the highest common divisor of 725526 and 139889?
2371
Calculate the greatest common factor of 194 and 14519154.
194
Calculate the greatest common divisor of 17331220 and 110.
10
What is the highest common divisor of 1525 and 389725?
25
Calculate the highest common divisor of 1063728 and 11926.
178
What is the greatest common factor of 37313230 and 20?
10
Calculate the greatest common factor of 945 and 310204125.
315
What is the highest common divisor of 1088 and 3712672?
32
What is the highest common divisor of 2105598 and 3265086?
4026
What is the greatest common factor of 31850 and 250005350?
2450
Calculate the highest common factor of 4 and 122542058.
2
Calculate the highest common factor of 65159 and 85386620.
2833
What is the highest common factor of 4444315 and 1395?
155
What is the highest common factor of 255932 and 19293?
109
What is the greatest common divisor of 222604 and 580?
116
What is the greatest common factor of 1419864 and 88300?
3532
What is the highest common factor of 631280 and 20638?
1214
What is the greatest common divisor of 429942 and 6288?
786
What is the highest common divisor of 11647 and 63251?
19
What is the greatest common factor of 87 and 80557563?
87
Calculate the greatest common factor of 6795 and 49928301.
1359
What is the greatest common divisor of 69523 and 1319058?
1879
Calculate the highest common factor of 69 and 1531892.
23
What is the highest common divisor of 1424 and 929428424?
712
Calculate the highest common divisor of 107688967 and 23.
23
Calculate the highest common factor of 4762901 and 13871.
143
Calculate the highest common factor of 1851 and 238714215.
1851
What is the highest common factor of 1248585 and 11424300?
5055
Calculate the greatest common divisor of 7994200 and 450.
50
What is the greatest common divisor of 432 and 321527952?
144
Calculate the greatest common divisor of 449 and 13233377.
449
What is the highest common factor of 1410 and 154060?
10
What is the greatest common factor of 32152372 and 187?
17
What is the greatest common factor of 39899404 and 5884?
5884
What is the highest common factor of 78663 and 741?
39
What is the highest common divisor of 4181 and 187368?
37
Calculate the highest common divisor of 1960035 and 875652.
5091
What is the highest common factor of 16316382 and 1099?
157
Calculate the greatest common factor of 10 and 5891110.
10
Calculate the highest common factor of 335473746 and 6.
6
Calculate the greatest common divisor of 46137 and 560742.
3549
What is the highest common factor of 72 and 27827388?
36
What is the greatest common factor of 6677 and 26191?
11
Calculate the highest common divisor of 7293809 and 251.
251
What is the greatest common divisor of 6597 and 15363?
9
Calculate the greatest common divisor of 827359767 and 117.
117
What is the greatest common factor of 113500 and 251516?
908
Calculate the greatest common divisor of 24415 and 66500.
95
What is the greatest common divisor of 18 and 69173001?
9
Calculate the greatest common factor of 17966688 and 72267.
5559
Calculate the greatest common factor of 4086 and 53982.
18
Calculate the highest common factor of 543202 and 2431.
11
Calculate the greatest common divisor of 1938769 and 642671.
2689
What is the highest common factor of 559 and 102844261?
559
What is the highest common factor of 3351208 and 184924?
332
What is the highest common divisor of 849240 and 320?
40
Calculate the highest common divisor of 33212104 and 784.
8
What is the highest common factor of 287433 and 113391?
2637
Calculate the greatest common divisor of 54644324 and 476.
476
What is the highest common divisor of 615 and 191601?
3
What is the highest common factor of 28515 and 38865?
15
What is the highest common factor of 352 and 13092728?
88
What is the highest common divisor of 72 and 10390779?
9
Calculate the highest common divisor of 690415 and 35387.
11
Calculate the greatest common divisor of 3125997 and 145.
29
Calculate the highest common divisor of 456608 and 176.
16
What is the greatest common factor of 3